{"id":38,"date":"2025-03-30T20:02:09","date_gmt":"2025-03-30T18:02:09","guid":{"rendered":"https:\/\/monseur-avocats.be\/?page_id=38"},"modified":"2025-04-19T09:16:48","modified_gmt":"2025-04-19T07:16:48","slug":"les-services","status":"publish","type":"page","link":"https:\/\/monseur-avocats.be\/?page_id=38","title":{"rendered":""},"content":{"rendered":"\n\n\n\n\n\n\n\n\n<div class=\" wp-block-cover alignfull is-light eplus-wrapper\"><img loading=\"lazy\" decoding=\"async\" width=\"1920\" height=\"505\" class=\"wp-block-cover__image-background wp-image-41\" alt=\"\" src=\"https:\/\/monseur-avocats.be\/wp-content\/uploads\/2025\/03\/services-image-1.avif\" data-object-fit=\"cover\"\/><span aria-hidden=\"true\" class=\"wp-block-cover__background has-background-dim-10 has-background-dim\" style=\"background-color:#e0d6c8\"><\/span><div class=\"wp-block-cover__inner-container has-global-padding is-layout-constrained wp-block-cover-is-layout-constrained\">\n\n\n\n\n<h3 class=\"animated fadeInLeft is-style-text-display o-anim-custom-speed o-anim-value-speed-3s wp-block-heading has-text-align-center has-background eplus-wrapper is-style-text-display--1\" style=\"background-color:#f7f7f7ed;margin-top:var(--wp--preset--spacing--40);margin-bottom:var(--wp--preset--spacing--40);padding-top:var(--wp--preset--spacing--50);padding-bottom:var(--wp--preset--spacing--50);font-size:clamp(25.5px, 1.594rem + ((1vw - 3.2px) * 1.716), 43px);\">NOS DOMAINES D&rsquo;EXPERTISE<\/h3>\n<\/div><\/div>\n\n\n\n<div class=\"is-style-default  wp-block-group alignfull eplus-wrapper has-global-padding is-layout-constrained wp-block-group-is-layout-constrained\" style=\"margin-top:0;margin-bottom:0\">\n<div class=\"wp-block-group alignwide eplus-wrapper is-layout-flow wp-container-core-group-is-layout-0f55f37d wp-block-group-is-layout-flow\" style=\"padding-top:0;padding-bottom:0\"><div class=\"ticss-7a39ef7e wp-block-columns eplus-wrapper is-layout-flex wp-container-core-columns-is-layout-28f84493 wp-block-columns-is-layout-flex eplus-styles-uid-723b70\">\n<div class=\"ticss-6f8962ab has-mobile-text-align-center wp-block-column is-vertically-aligned-center has-background eplus-wrapper is-layout-flow wp-block-column-is-layout-flow\" style=\"background-color:#e09c24;padding-right:var(--wp--preset--spacing--80);padding-left:var(--wp--preset--spacing--80)\">\n<p class=\" has-text-align-center eplus-wrapper\" style=\"margin-top:var(--wp--preset--spacing--20);margin-bottom:var(--wp--preset--spacing--20);padding-top:var(--wp--preset--spacing--30);padding-right:0;padding-bottom:var(--wp--preset--spacing--30);padding-left:0\"><strong>CONTACTEZ-NOUS EN FRAN\u00c7AIS ET EN N\u00c9ERLANDAIS !<\/strong><\/p>\n\n\n\n<p class=\" has-text-align-center eplus-wrapper\" style=\"margin-top:var(--wp--preset--spacing--40);margin-bottom:var(--wp--preset--spacing--40);padding-right:var(--wp--preset--spacing--20);padding-left:var(--wp--preset--spacing--20)\">Nous vous proposerons une analyse compl\u00e8te de votre dossier et vous conseillerons sur la meilleure strat\u00e9gie \u00e0 adopter pour prot\u00e9ger vos droits et obtenir la meilleure indemnisation possible<\/p>\n<\/div>\n<\/div>\n\n<div class=\"wp-block-columns eplus-wrapper is-layout-flex wp-container-core-columns-is-layout-cbe57604 wp-block-columns-is-layout-flex eplus-styles-uid-43cb0f\">\n<div class=\"wp-block-column has-background eplus-wrapper is-layout-flow wp-block-column-is-layout-flow\" style=\"background-color:#21abc6\">\n<div style=\"height:7px\" aria-hidden=\"true\" class=\" wp-block-spacer eplus-wrapper\"><\/div>\n\n\n\n<p class=\"has-text-align-center has-base-color has-text-color has-link-color has-large-font-size eplus-wrapper wp-elements-cb971268087b0742d4d79e4f652889d7\" style=\"padding-right:var(--wp--preset--spacing--40);padding-left:var(--wp--preset--spacing--40)\"><strong>INDEMNISATION DU PR\u00c9JUDICE CORPOREL ET MAT\u00c9RIEL<\/strong><\/p>\n\n\n\n<div style=\"height:7px\" aria-hidden=\"true\" class=\" wp-block-spacer eplus-wrapper\"><\/div>\n\n\n\n<p class=\" has-text-align-center eplus-wrapper\" style=\"margin-top:0;margin-bottom:0;padding-right:var(--wp--preset--spacing--50);padding-left:var(--wp--preset--spacing--50)\">Le remboursement de vos frais, l\u2019indemnisation tant sur le plan temporaire que permanent suite \u00e0 une expertise m\u00e9dicale, \u00a0amiable ou judiciaire.\u200b<\/p>\n\n\n\n<div style=\"height:40px\" aria-hidden=\"true\" class=\" wp-block-spacer eplus-wrapper\"><\/div>\n<\/div>\n\n\n\n<div class=\"wp-block-column has-background eplus-wrapper is-layout-flow wp-block-column-is-layout-flow\" style=\"background-color:#21abc6\">\n<div style=\"height:9px\" aria-hidden=\"true\" class=\" wp-block-spacer eplus-wrapper\"><\/div>\n\n\n\n<p class=\"has-text-align-center has-base-color has-text-color has-link-color has-large-font-size eplus-wrapper wp-elements-dc3f7a18e9c3977dd8c994028d31dd89\" style=\"padding-right:var(--wp--preset--spacing--50);padding-left:var(--wp--preset--spacing--50)\"><strong>DROIT DES ASSURANCES ET DE LA CIRCULATION\u00a0<\/strong><\/p>\n\n\n\n<div style=\"height:14px\" aria-hidden=\"true\" class=\" wp-block-spacer eplus-wrapper\"><\/div>\n\n\n\n<p class=\" has-text-align-center eplus-wrapper\" style=\"margin-top:0;margin-bottom:0;padding-right:var(--wp--preset--spacing--50);padding-left:var(--wp--preset--spacing--50)\">Responsabilit\u00e9 civile et contractuelle, accidents de la route, dommages caus\u00e9s par un tiers, droit des assurances, infractions routi\u00e8res..\u200b<\/p>\n\n\n\n<div style=\"height:40px\" aria-hidden=\"true\" class=\" wp-block-spacer eplus-wrapper\"><\/div>\n<\/div>\n\n\n\n<div class=\"wp-block-column has-background eplus-wrapper is-layout-flow wp-block-column-is-layout-flow\" style=\"background-color:#21abc6;padding-right:0;padding-left:0\">\n<div style=\"height:4px\" aria-hidden=\"true\" class=\" wp-block-spacer eplus-wrapper\"><\/div>\n\n\n\n<p class=\"has-text-align-center has-base-color has-text-color has-link-color has-large-font-size eplus-wrapper wp-elements-3e31871e0c2db5e23b01b1a5e8c9a75d\" style=\"padding-right:var(--wp--preset--spacing--60);padding-left:var(--wp--preset--spacing--60)\"><strong>DROIT DE LA RESPONSABILIT\u00c9\u00a0<\/strong><\/p>\n\n\n\n<div style=\"height:7px\" aria-hidden=\"true\" class=\" wp-block-spacer eplus-wrapper\"><\/div>\n\n\n\n<p class=\" has-text-align-center eplus-wrapper\" style=\"margin-top:0;margin-bottom:0;padding-right:var(--wp--preset--spacing--60);padding-left:var(--wp--preset--spacing--60)\">Civile, M\u00e9dicale, Accident de la vie priv\u00e9e, Accident du travail et sur le chemin du travail, transport.<\/p>\n\n\n\n<div style=\"height:40px\" aria-hidden=\"true\" class=\" wp-block-spacer eplus-wrapper\"><\/div>\n<\/div>\n<\/div>\n\n<div class=\"wp-block-columns eplus-wrapper is-layout-flex wp-container-core-columns-is-layout-cbe57604 wp-block-columns-is-layout-flex eplus-styles-uid-76bcd9\"><div class=\"wp-block-column has-background has-medium-font-size eplus-wrapper is-layout-flow wp-container-core-column-is-layout-0390f29b wp-block-column-is-layout-flow eplus-styles-uid-867e8d\" style=\"background-color:#21abc6;padding-right:0;padding-left:0\">\n<p class=\"ticss-10aff436 has-contrast-color has-text-color has-link-color has-medium-font-size eplus-wrapper wp-elements-9af87d74a394180cb0a984fb686ba6fa\" style=\"padding-right:var(--wp--preset--spacing--30);padding-left:var(--wp--preset--spacing--30)\"><\/p>\n\n\n\n<p class=\"has-text-align-center has-base-color has-text-color has-link-color has-large-font-size eplus-wrapper wp-elements-8287fd31bed38e368d877a68848d61c5\"><strong>RECOUVREMENT  DE  CR\u00c9ANCES<\/strong><\/p>\n\n\n\n<div style=\"height:5px\" aria-hidden=\"true\" class=\" wp-block-spacer eplus-wrapper\"><\/div>\n\n\n\n<p class=\" has-text-align-center has-large-font-size eplus-wrapper\" style=\"margin-top:0;margin-bottom:0;padding-right:var(--wp--preset--spacing--20);padding-left:var(--wp--preset--spacing--20)\">Le recouvrement amiable, ou le recouvrement judiciaire.<\/p>\n\n\n\n<p class=\"ticss-a703a4e7 eplus-wrapper\">\u200b<\/p>\n\n\n\n<p class=\" eplus-wrapper\">\u200b<\/p>\n\n\n\n<div style=\"height:5px\" aria-hidden=\"true\" class=\" wp-block-spacer eplus-wrapper\"><\/div>\n<\/div>\n\n\n<div class=\"wp-block-column has-background has-medium-font-size eplus-wrapper is-layout-flow wp-container-core-column-is-layout-0390f29b wp-block-column-is-layout-flow\" style=\"background-color:#21abc6;padding-right:0;padding-left:0\">\n<p class=\"ticss-10aff436 has-contrast-color has-text-color has-link-color has-medium-font-size eplus-wrapper wp-elements-10225fb56a8981afd120fe5f57e4137c\" style=\"padding-right:var(--wp--preset--spacing--30);padding-left:var(--wp--preset--spacing--30)\"><\/p>\n\n\n\n<p class=\"has-text-align-center has-base-color has-text-color has-link-color has-large-font-size eplus-wrapper wp-elements-78719a9fd1c68a94605d22fcc803a3ea\"><strong>DROIT P\u00c9NAL\u00a0<\/strong><\/p>\n\n\n\n<div style=\"height:5px\" aria-hidden=\"true\" class=\" wp-block-spacer eplus-wrapper\"><\/div>\n\n\n\n<p class=\" has-text-align-center has-large-font-size eplus-wrapper\" style=\"margin-top:0;margin-bottom:0;padding-right:var(--wp--preset--spacing--20);padding-left:var(--wp--preset--spacing--20)\">            Les contraventions et les d\u00e9lits.<\/p>\n\n\n\n<p class=\"ticss-a703a4e7 eplus-wrapper\"><\/p>\n\n\n\n<div style=\"height:5px\" aria-hidden=\"true\" class=\" wp-block-spacer eplus-wrapper\"><\/div>\n<\/div>\n\n\n\n<div class=\"is-style-section-2 wp-block-column has-background eplus-wrapper is-layout-flow wp-block-column-is-layout-flow is-style-section-2--2\" style=\"background-color:#21abc6\" id=\"hvr-float\">\n<p class=\" eplus-wrapper\"><\/p>\n\n\n\n<p class=\"has-text-align-center has-base-color has-text-color has-link-color has-large-font-size eplus-wrapper wp-elements-9b7f0c3c830095a10f58fced0c7c0c10\" style=\"margin-right:0;margin-left:0;padding-right:0;padding-left:0\"><strong>DROIT DES BAUX<\/strong><\/p>\n\n\n\n<div style=\"height:5px\" aria-hidden=\"true\" class=\" wp-block-spacer eplus-wrapper\"><\/div>\n\n\n\n<p class=\" has-text-align-left eplus-wrapper\" style=\"margin-top:0px;margin-right:0px;margin-bottom:0px;margin-left:0px;padding-top:0;padding-right:var(--wp--preset--spacing--50);padding-bottom:0;padding-left:var(--wp--preset--spacing--50)\">Locataire ou propri\u00e9taire , r\u00e9cup\u00e9ration de loyers et\/ou charges, r\u00e9cup\u00e9ration de la caution,&#8230;<\/p>\n\n\n\n<div style=\"height:5px\" aria-hidden=\"true\" class=\" wp-block-spacer eplus-wrapper\"><\/div>\n<\/div>\n<\/div><\/div>\n<\/div>\n\n\n\n<p class=\"kt-adv-heading38_f4a03c-a8 wp-block-kadence-advancedheading\" data-kb-block=\"kb-adv-heading38_f4a03c-a8\"><\/p>\n\n\n\n<p class=\"kt-adv-heading38_69624c-3c wp-block-kadence-advancedheading\" data-kb-block=\"kb-adv-heading38_69624c-3c\"><\/p>\n","protected":false},"excerpt":{"rendered":"<p>CONTACTEZ-NOUS EN FRAN\u00c7AIS ET EN N\u00c9ERLANDAIS ! Nous vous proposerons une analyse compl\u00e8te de votre dossier et vous conseillerons sur la meilleure strat\u00e9gie \u00e0 adopter pour prot\u00e9ger vos droits et obtenir la meilleure indemnisation possible RECOUVREMENT DE CR\u00c9ANCES Le recouvrement amiable, ou le recouvrement judiciaire. \u200b \u200b DROIT P\u00c9NAL&nbsp; Les contraventions et les d\u00e9lits. DROIT [&hellip;]<\/p>\n","protected":false},"author":2,"featured_media":0,"parent":0,"menu_order":0,"comment_status":"closed","ping_status":"closed","template":"","meta":{"ub_ctt_via":"","editor_plus_copied_stylings":"{}","_themeisle_gutenberg_block_has_review":false,"footnotes":""},"class_list":["post-38","page","type-page","status-publish","hentry"],"featured_image_src":null,"_links":{"self":[{"href":"https:\/\/monseur-avocats.be\/index.php?rest_route=\/wp\/v2\/pages\/38","targetHints":{"allow":["GET"]}}],"collection":[{"href":"https:\/\/monseur-avocats.be\/index.php?rest_route=\/wp\/v2\/pages"}],"about":[{"href":"https:\/\/monseur-avocats.be\/index.php?rest_route=\/wp\/v2\/types\/page"}],"author":[{"embeddable":true,"href":"https:\/\/monseur-avocats.be\/index.php?rest_route=\/wp\/v2\/users\/2"}],"replies":[{"embeddable":true,"href":"https:\/\/monseur-avocats.be\/index.php?rest_route=%2Fwp%2Fv2%2Fcomments&post=38"}],"version-history":[{"count":11,"href":"https:\/\/monseur-avocats.be\/index.php?rest_route=\/wp\/v2\/pages\/38\/revisions"}],"predecessor-version":[{"id":424,"href":"https:\/\/monseur-avocats.be\/index.php?rest_route=\/wp\/v2\/pages\/38\/revisions\/424"}],"wp:attachment":[{"href":"https:\/\/monseur-avocats.be\/index.php?rest_route=%2Fwp%2Fv2%2Fmedia&parent=38"}],"curies":[{"name":"wp","href":"https:\/\/api.w.org\/{rel}","templated":true}]}}